
Is 29462 prime?
False
Is 511001 composite?
False
Is 16667 a prime number?
False
Is 102293 a composite number?
False
Is 33049 a composite number?
False
Is 147413 prime?
False
Is 63807 a prime number?
False
Is 411721 a composite number?
False
Is 8101 a prime number?
True
Is 1006 a composite number?
True
Is 312269 a prime number?
True
Is 4541 prime?
False
Is 52306 a composite number?
True
Is 24239 prime?
True
Is 509767 composite?
False
Is 659911 a prime number?
False
Is 96814 a composite number?
True
Is 245623 prime?
False
Is 31883 a prime number?
True
Is 46211 prime?
False
Is 37087 prime?
True
Is 64763 prime?
True
Is 410231 a composite number?
False
Is 84935 a composite number?
True
Is 72017 a composite number?
True
Is 1657 composite?
False
Is 183089 a composite number?
False
Is 1189891 a prime number?
True
Is 7057 prime?
True
Is 3881 a prime number?
True
Is 59315 a prime number?
False
Is 120067 a prime number?
True
Is 26057 composite?
True
Is 19661 a composite number?
False
Is 34 composite?
True
Is 6467 a prime number?
False
Is 271831 a prime number?
False
Is 116159 composite?
False
Is 667822 composite?
True
Is 171379 a prime number?
False
Is 2411 a prime number?
True
Is 178753 a prime number?
True
Is 822853 a prime number?
True
Is 809555 a prime number?
False
Is 123603 prime?
False
Is 8581 a prime number?
True
Is 271057 a composite number?
False
Is 8501 composite?
False
Is 4105 prime?
False
Is 208451 a prime number?
False
Is 379 composite?
False
Is 153269 a prime number?
True
Is 9439 a composite number?
False
Is 20201 a prime number?
True
Is 29441 a composite number?
True
Is 56249 a prime number?
True
Is 428827 prime?
False
Is 268123 a prime number?
True
Is 192737 a prime number?
True
Is 298993 a prime number?
True
Is 28498 composite?
True
Is 12569 composite?
False
Is 360599 a composite number?
True
Is 36587 a prime number?
True
Is 650851 a composite number?
False
Is 5737 composite?
False
Is 2561 a composite number?
True
Is 40693 composite?
False
Is 12961 composite?
True
Is 3719 a composite number?
False
Is 5303 a prime number?
True
Is 11474 a composite number?
True
Is 92951 composite?
False
Is 14243 prime?
True
Is 43997 composite?
False
Is 55703 composite?
True
Is 24281 a composite number?
False
Is 162143 a prime number?
True
Is 6197 a prime number?
True
Is 75979 composite?
False
Is 54218 a prime number?
False
Is 184879 a prime number?
True
Is 44483 a prime number?
True
Is 311099 a prime number?
True
Is 295219 a prime number?
True
Is 42329 composite?
True
Is 1298699 a prime number?
True
Is 50419 a prime number?
False
Is 1235971 composite?
True
Is 7517 a prime number?
True
Is 482983 a prime number?
False
Is 137099 composite?
True
Is 313078 a composite number?
True
Is 48563 prime?
True
Is 8129 a composite number?
True
Is 255887 composite?
False
Is 27179 prime?
True
Is 402739 a composite number?
False
Is 9923 prime?
True
Is 6353 a composite number?
False
Is 1562383 composite?
True
Is 18353 prime?
True
Is 293 a composite number?
False
Is 54553 composite?
True
Is 9463 composite?
False
Is 163127 composite?
False
Is 15071 a composite number?
True
Is 1099 a prime number?
False
Is 49237 a composite number?
True
Is 101271 a prime number?
False
Is 88073 a prime number?
False
Is 5779 a prime number?
True
Is 19121 a composite number?
False
Is 674277 a prime number?
False
Is 31111 a composite number?
True
Is 54493 a prime number?
True
Is 359 composite?
False
Is 40249 prime?
False
Is 486823 a composite number?
True
Is 488101 prime?
False
Is 190753 composite?
False
Is 629 a prime number?
False
Is 1068799 a composite number?
True
Is 2231 a prime number?
False
Is 693397 composite?
False
Is 25367 prime?
True
Is 610229 prime?
True
Is 72395 a composite number?
True
Is 43603 a prime number?
False
Is 148843 prime?
False
Is 28267 a prime number?
False
Is 566929 a prime number?
False
Is 17657 prime?
True
Is 141166 a prime number?
False
Is 838751 composite?
False
Is 7807 a prime number?
False
Is 4267 a composite number?
True
Is 46121 a composite number?
True
Is 337733 a composite number?
True
Is 13403 prime?
False
Is 785527 prime?
True
Is 67085 a prime number?
False
Is 2503 a composite number?
False
Is 150905 a prime number?
False
Is 18082 prime?
False
Is 980587 a prime number?
True
Is 655271 prime?
False
Is 55381 a prime number?
True
Is 3266161 composite?
True
Is 3975749 a prime number?
True
Is 11467 prime?
True
Is 499969 a composite number?
False
Is 57763 composite?
True
Is 86269 composite?
False
Is 363313 a prime number?
True
Is 20953 a composite number?
True
Is 2203 a composite number?
False
Is 34807 composite?
False
Is 133891 a prime number?
False
Is 307 a prime number?
True
Is 81343 a composite number?
False
Is 14426 prime?
False
Is 170537 prime?
True
Is 17183 prime?
True
Is 338223 composite?
True
Is 34421 composite?
False
Is 8187 a composite number?
True
Is 11089 a prime number?
False
Is 2333 a composite number?
False
Is 1657 a composite number?
False
Is 272057 a prime number?
False
Is 374953 composite?
False
Is 358522 composite?
True
Is 21041 composite?
True
Is 50261 composite?
False
Is 256931 a composite number?
False
Is 15859 composite?
False
Is 10057 a prime number?
False
Is 13817 a prime number?
False
Is 986411 composite?
False
Is 2669 a composite number?
True
Is 976777 a composite number?
False
Is 11197 a composite number?
False
Is 201463 a composite number?
True
Is 27329 prime?
True
Is 49291 a composite number?
True
Is 31007 a prime number?
False
Is 2653 a prime number?
False
Is 15245 a composite number?
True
Is 783839 prime?
False
Is 853891 composite?
True
Is 47899 prime?
False
Is 54217 composite?
False
Is 1168451 a prime number?
True
Is 491483 prime?
True
Is 118117 prime?
False
Is 4373 prime?
True
Is 8705 a prime number?
False
Is 11477 composite?
True
Is 118715 a composite number?
True
Is 5563 prime?
True
Is 50671 a prime number?
True
Is 5437 composite?
False
Is 727079 a composite number?
False
Is 1278191 prime?
True
Is 244039 a composite number?
True
Is 32491 composite?
False
Is 9953 prime?
False
Is 177845 a composite number?
True
Is 1072861 composite?
True
Is 17717 a composite number?
True
Is 116411 a prime number?
True
Is 3109 a prime number?
True
Is 2630989 composite?
False
Is 415343 prime?
True
Is 73181 composite?
False
Is 4393 composite?
True
Is 3142 a composite number?
True
Is 2437 a prime number?
True
Is 1949 composite?
False
Is 30089 a composite number?
False
Is 104861 a composite number?
True
Is 49853 prime?
True
Is 16921 prime?
True
Is 21223 a composite number?
True
Is 36587 prime?
True
Is 80059 a prime number?
False
Is 33869 a composite number?
True
Is 2333 composite?
False
Is 535 a composite number?
True
Is 358927 composite?
True
Is 3989 a composite number?
False
Is 211 a composite number?
False
Is 33679 prime?
True
Is 9091 a composite number?
False
Is 820037 a prime number?
True
Is 113 a composite number?
False
Is 11162 a prime number?
False
Is 8581 a composite number?
False
Is 30617 prime?
False
Is 13231 composite?
True
Is 633739 composite?
False
Is 55966 composite?
True
Is 75389 prime?
True
Is 13397 prime?
True
Is 12689 a composite number?
False
Is 329617 composite?
False
Is 7897 prime?
False
Is 55609 composite?
False
Is 117911 a prime number?
True
Is 8311 a prime number?
True
Is 18741 prime?
False
Is 26041 composite?
False
Is 29473 a composite number?
False
Is 185 prime?
False
Is 5731 a prime number?
False
Is 653 composite?
False
Is 6421 composite?
False
Is 454262 composite?
True
Is 107979 prime?
False
Is 39719 a prime number?
True
Is 51577 composite?
False
Is 130127 composite?
False
Is 46471 a prime number?
True
Is 865457 prime?
True
Is 12539 prime?
True
Is 887181 composite?
True
Is 251257 a prime number?
True
Is 102421 composite?
True
Is 4831 composite?
False
Is 1055 prime?
False
Is 331577 a composite number?
False
Is 10473 a composite number?
True
Is 407539 a composite number?
True
Is 21211 a prime number?
True
Is 85297 prime?
True
Is 10289 a composite number?
False
Is 3585955 composite?
True
Is 5179 prime?
True
Is 133241 composite?
False
Is 66109 composite?
False
Is 274795 composite?
True
Is 501001 a composite number?
False
Is 497563 a composite number?
True
Is 335042 composite?
True
Is 1068673 a prime number?
False
Is 5755 c